is t(-1)?
4
Let v(r) = r + 5. Determine v(11).
16
Let w(x) = 29*x**3 + 3*x + 3. What is w(-1)?
-29
Let b(a) = a**2 - 2*a - 10. Calculate b(-3).
5
Let k(o) = -o**3 - 15*o**2 + 3*o + 27. What is k(-15)?
-18
Let g(q) = q**3 + 37*q**2 + 36*q + 2. Determine g(-36).
2
Let g(m) = -8*m - 54. Give g(-6).
-6
Let j(h) = h**3 + 17*h**2 + 76*h + 19. Give j(-9).
-17
Let l(c) = c**2 + 51*c + 190. What is l(-47)?
2
Let r(a) = 2*a**2 + 7*a - 82. What is r(5)?
3
Let s(y) = y**2 - 11*y + 14. Give s(10).
4
Let p(k) = -k - 1. Calculate p(7).
-8
Let m(n) = -n + 34. Give m(11).
23
Let b(a) = 2*a**2 + 3*a - 20. Calculate b(-5).
15
Let o(b) = b**3 + 27*b**2 - 19. What is o(-27)?
-19
Let z(u) = u**2 + u + 1. What is z(-4)?
13
Let t(b) = -b**3 + 5*b**2 + b - 1. Give t(5).
4
Let l(f) = -f**2 + f + 7. Calculate l(4).
-5
Let j(s) = 3*s - 6. Give j(0).
-6
Let f(k) = 2*k**3 - 16*k**2 + 15*k - 13. Determine f(7).
-6
Let o(x) = x**3 + 7*x**2 + 2*x + 6. Calculate o(-6).
30
Let p(b) = b - 43. What is p(13)?
-30
Let l(s) = -18*s + 3. Calculate l(4).
-69
Let i(d) = -d + 10. What is i(7)?
3
Let w(h) = h - 9. Determine w(6).
-3
Let k(q) = -10*q + 200. What is k(21)?
-10
Let f(s) = -s**3 + 5*s**2 + 2*s - 3. Calculate f(5).
7
Let n(j) = 2*j**2 - j - 3. Determine n(2).
3
Let l(g) = g**3 - 5*g**2 - 2*g + 8. Determine l(5).
-2
Let f(n) = -57*n + 392. Calculate f(7).
-7
Let j(a) = -8*a + 89. Determine j(11).
1
Let j(s) = s**3 + 12*s**2 - 14*s - 4. What is j(-13)?
9
Let r(g) = -3*g - 14. Determine r(-7).
7
Let z(u) = u**2 - 2*u - 1. Determine z(2).
-1
Let z(a) = a**3 + 7*a**2 + 12*a + 9. Determine z(-5).
-1
Let o(l) = 2*l**3 - 2*l**2 - 2*l. Give o(2).
4
Let z(q) = -q**3 - 8*q**2 + 9*q - 13. Calculate z(-9).
-13
Let c(x) = x**3 - 9*x**2 + 7*x + 6. Calculate c(8).
-2
Let w(x) = x**2 - 17*x + 17. What is w(16)?
1
Let o(c) = -4*c + 3. Determine o(9).
-33
Let x(b) = -b**2 - 9*b + 5. What is x(-9)?
5
Let v(t) = -3*t - 1. What is v(11)?
-34
Let d(w) = -49*w + 26. Calculate d(2).
-72
Let u(a) = -3*a**3 + 14*a - 13. What is u(1)?
-2
Let r(w) = -7*w + 32. What is r(4)?
4
Let z(c) = -c**3 - 2*c**2 - 1. Give z(-3).
8
Let a(z) = 2*z**2 - 9*z - 37. Calculate a(9).
44
Let n(p) = p. What is n(5)?
5
Let l(x) = x**2 + 17*x + 1. Calculate l(-5).
-59
Let j(n) = 9*n**3 + n**2 + n - 2. Give j(1).
9
Let i(m) = -59*m + 1. What is i(-2)?
119
Let u(z) = z**3 + 33*z**2 + 89*z - 25. Give u(-30).
5
Let b(z) = z**2 + 9*z + 12. Determine b(-3).
-6
Let q(j) = 2*j**3 - 45*j**2 + 21*j - 17. Give q(22).
-39
Let f(g) = g**3 - 7*g**2 + 4*g + 5. Calculate f(4).
-27
Let a(v) = v**3 + 2*v + 1. What is a(-2)?
-11
Let f(m) = -m**3 + 8*m + 4. What is f(4)?
-28
Let j(q) = -5*q + 125. Calculate j(24).
5
Let t(p) = -32*p - 5. Determine t(1).
-37
Let w(v) = -v**3 + 7*v**2 - 11*v + 4. Give w(3).
7
Let l(z) = -z**3 + z**2 + 8*z - 3. What is l(3)?
3
Let k(i) = -4*i + 4. What is k(-2)?
12
Let h(d) = d + 2. Give h(0).
2
Let c(u) = 6*u + 106. Determine c(-17).
4
Let q(t) = t - 13. Calculate q(12).
-1
Let y(k) = -k**2 + 3*k - 3. Determine y(2).
-1
Let v(b) = 2*b**2 + 11*b - 23. Give v(-8).
17
Let d(a) = a**3 + 4*a**2 - 5*a + 13. Give d(-6).
-29
Let g(c) = 5*c**3 + 3*c**2 + 5*c + 3. Give g(-2).
-35
Let g(r) = -50*r**2 - 1. Calculate g(1).
-51
Let r(f) = -f + 8. Give r(5).
3
Let o(v) = -33*v**3 - 2*v**2 + 2*v - 1. Give o(1).
-34
Let z(j) = j - 15. What is z(13)?
-2
Let o(g) = -g**3 - 6*g**2 - 2*g + 12. Determine o(-6).
24
Let n(r) = 2*r**2 - 11*r - 73. Give n(9).
-10
Let f(v) = -v - 9. Give f(8).
-17
Let x(u) = 4*u - 29. Determine x(7).
-1
Let s(p) = -9*p + 164. Determine s(19).
-7
Let a(b) = -5*b - 31. Calculate a(-8).
9
Let j(m) = -m**3 - 10*m**2 - 2*m. Determine j(-10).
20
Let w(q) = q**3 + 8*q**2 - 14*q + 59. What is w(-10)?
-1
Let r(z) = z**2 - 5*z - 4. Calculate r(6).
2
Let z(n) = 4*n - 26. Calculate z(12).
22
Let h(b) = b**2 + 5*b - 1. Give h(-5).
-1
Let g(p) = 11*p + 157. Give g(-14).
3
Let h(m) = -m**2 - 3*m - 2. What is h(-2)?
0
Let w(l) = l**3 + 16*l**2 - 19*l - 20. Give w(-17).
14
Let x(q) = 3*q - 7. Give x(3).
2
Let l(c) = 38*c**2 + 2*c - 3. What is l(-2)?
145
Let h(v) = -v + 10. What is h(9)?
1
Let v(p) = p + 18. Calculate v(-13).
5
Let t(q) = -q**3 - 6*q**2 - 4*q - 11. Calculate t(-6).
13
Let t(m) = -11*m - 72. What is t(-6)?
-6
Let g(l) = l**2 + 7*l + 7. Give g(-7).
7
Let i(s) = s**3 - 18*s**2 + 16*s + 40. Give i(17).
23
Let p(l) = l**3 + 6*l**2 + 5*l - 7. Calculate p(-3).
5
Let q(m) = -16*m**2 - 3*m - 5. Give q(-2).
-63
Let m(h) = h - 43. Calculate m(42).
-1
Let k(l) = l - 18. Calculate k(18).
0
Let l(y) = -36*y + 254. What is l(7)?
2
Let f(o) = o**2 + 11*o - 41. Determine f(-14).
1
Let w(n) = -n - 1. Calculate w(12).
-13
Let p(q) = 13*q - 8. What is p(3)?
31
Let j(k) = -k**2 - 8*k + 10. What is j(0)?
10
Let s(p) = 2*p - 11. Give s(8).
5
Let m(s) = -s**3 - 8*s**2 + s. Give m(-8).
-8
Let a(l) = l**3 + 8*l**2 + 14*l - 15. Calculate a(-4).
-7
Let g(h) = h**3 - 7*h**2 + 4. Calculate g(7).
4
Let v(x) = 3*x**3 + 55*x**2 + 20*x + 45. What is v(-18)?
9
Let q(t) = 3*t + 2. Determine q(-2).
-4
Let h(d) = -d**2 - 4*d + 2. Calculate h(-5).
-3
Let c(i) = i**2 - 5*i + 5. Calculate c(2).
-1
Let n(s) = s**3 + 6*s**2 + 2*s - 3. Give n(-4).
21
Let c(x) = -5*x + 13. What is c(14)?
-57
Let b(f) = -2*f**2 - 2*f - 3. Determine b(-3).
-15
Let j(w) = 61*w + 233. Determine j(-4).
-11
Let w(i) = i - 2. Determine w(6).
4
Let s(x) = x**3 + 11*x**2 + 17*x + 10. What is s(-9)?
19
Let l(n) = n**3 - 37*n**2 + 37*n - 38. Give l(36).
-2
Let n(x) = 4*x**2 - 4*x + 2. Calculate n(-4).
82
Let a(w) = -w**2 - 13*w + 31. Give a(-13).
31
Let q(p) = -p**2 + 5*p - 26. Calculate q(4).
-22
Let l(h) = 9*h + 2. Give l(2).
20
Let t(j) = -j**2 + 3*j + 8. What is t(5)?
-2
Let c(z) = z**2 + 9*z + 3. Determine c(-7).
-11
Let b(w) = -w**3 + 23*w**2 + 11. Determine b(23).
11
Let x(z) = 2*z**2 - 2*z + 5. What is x(-3)?
29
Let n(j) = 3*j**2 + 45*j - 92. Calculate n(-17).
10
Let m(x) = -x + 15. Give m(12).
3
Let y(w) = 11*w**2 + 5*w - 6. Determine y(1).
10
Let u(p) = -p**2 + 18*p - 75. Give u(9).
6
Let b(f) = -3*f**2 - 2*f - 1. Determine b(-1).
-2
Let d(c) = 2*c**2 + 13*c + 23. Determine d(-7).
30
Let j(b) = -b**3 - 9*b**2 + 29*b + 66. What is j(-11)?
-11
Let g(q) = -q**3 - q**2 - 26. Calculate g(0).
-26
Let z(c) = c**2 + 8*c - 4. Give z(-5).
-19
Let n(d) = d**3 + 7*d**2 - 3*d - 24. Calculate n(-8).
-64
Let x(i) = -i**3 - 3*i**2 - 3*i + 6. Determine x(-4).
34
Let z(n) = -n**2 - 16*n - 9. Calculate z(-15).
6
Let u(h) = 38*h**3 + 5*h - 5. Determine u(1).
38
Let s(h) = 3*h**2 - 3*h - 2. What is s(-2)?
16
Let l(r) = -r**2 + 3*r - 2. Calculate l(3).
-2
Let a(s) = -3*s**2 + 7*s + 13. What is a(5)?
-27
Let w(o) = -o**3 - 14*o**2 - o - 2. Calculate w(-14).
12
Let a(h) = -h**2 - 3*h + 6. Calculate a(-4).
2
Let i(z) = 2*z**2 + 18*z. Give i(-9).
0
Let r(h) = -h**3 - 7*h**2 + 11*h + 13. What is r(-8)?
-11
Let s(c) = c**3 + 7*c**2 + 13*c - 3. Give s(-4).
-7
Let q(a) = -10*a**2 - 3*a - 11. Calculate q(-4).
-159
Let a(u) = -u**3 + 5*u**2 - 7*u + 16. Determine a(3).
13
Let z(m) = m**2 - m - 8. Determine z(0).
-8
Let g(t) = 6*t**3 + t. Calculate g(1).
7
Let d(c) = c**3 + 6*c**2 + 2*c - 13. What is d(-5)?
2
Let y(j) = j**2 - 10*j + 25. Determine y(6).
1
Let x(v) = v + 6. Determine x(-16).
-10
Let t(w) = 2*w + 11. Determine t(7).
25
Let g(a) = -a**3 + 12*a**2 - 11*a + 7. Give g(11).
7
Let x(b) = 2*b**2 + 5*b - 9. Determine x(-3).
-6
Let a(m) = m**3 - 39*m**2 + 169*m + 41. Calculate a(34).
7
Let z(r) = r + 9. Determine z(-9).
0
Let r(d) = 16*d**2 + 1. What is r(-1)?
17
Let u(x) = -x + 16. Determine u(-11).
27
Let q(p) = -p + 7. Give q(4).
3
Let b(z) = -z + 8. Give b(12).
-4
Let r(v) = 8*v - 23. What is r(1)?
-15
Let p(x) = -x**2 + 13*x - 42. Calculate p(8).
-2
Let n(z) = 3*z - 22. What is n(15)?
23
Let s(u) = u + 4. Determine s(11).
15
Let g(r) = -r**2 - 6*r + 10. Give g(-9).
-17
Let a(w) = -5*w + 6. Give a(2).
-4
Let d(l) = -2*l - 22. Calculate d(0).
-22
Let t(o) = -o**3 - 9*o**2 - o + 7. What is t(-9)?
16
Let q(r) = r**3 - 6*r - 4. What is q(-3)?
-13
Let n(x) = x**2 + 9*x + 11. Calculate n(-2).
-3
Let t(h) = -4*h**3 - h**2 + h + 1. What is t(-1)?
3
Let m(t) = 2*t + 13. Give m(-7).
-1
Let n(z) = z**2 - 9*z - 14. Give n(10).
-4
Let k(h) = -h**3 + 20*h**2 - 2*h + 30. Give k(20).
-10
Let f(p) = -p - 1